ate the remainder when r is divided by k(-6).
4
Suppose -66 = -4*h + h. Calculate the remainder when 41 is divided by h.
19
Suppose 0 = 2*j + 4*k - 6, 2*j + 0 = 2*k + 6. Suppose -3*n - w + 7 = 0, j*n - 3 - 2 = -2*w. What is the remainder when n is divided by 2?
1
Suppose 31*c - 30*c - 64 = 0. Calculate the remainder when c is divided by 13.
12
Suppose 4*p = -5*m + 120, m - 23 - 8 = -p. What is the remainder when p is divided by 9?
8
Let l = 2 - 6. Let j be l/6 - (-11)/3. Suppose 2*q - j*q + 4 = d, 20 = 5*d - 2*q. What is the remainder when 10 is divided by d?
2
Calculate the remainder when (426/(-4) - 3)*(-6)/9 is divided by 37.
36
Let a(d) = 3*d**2 + 2*d + 1. Let o be a(3). Let f = o - 18. Calculate the remainder when f is divided by 9.
7
Let i(p) = -2*p**3 - 3*p**2 - 2*p. Let w be i(-2). Let d = -5 + w. What is the remainder when d is divided by 2?
1
Let t = 23 - 13. What is the remainder when (-1 + 2)/((-6)/(-168)) is divided by t?
8
Let s = 1 - 0. Let j(l) = -l**2 + l + 1. What is the remainder when j(0) is divided by s?
0
Let g(m) = 8*m + 112. Let v(f) = -3*f - 37. Let k(t) = 4*g(t) + 11*v(t). What is the remainder when k(0) is divided by 21?
20
Let v be -3 + 3/9*3. Let c = v + 4. Suppose -c*z - 2*z = -72. What is the remainder when z is divided by 10?
8
Let r(x) = -x**3 - 5*x**2 + 5. Let c be r(-5). Suppose -2*o + 3*i = -i - 22, 103 = c*o + 2*i. Calculate the remainder when 36 is divided by o.
17
Let b = -4 + 3. Let v = b - -1. Let k = 1 - v. Calculate the remainder when k is divided by 1.
0
Suppose 2*u + 88 = v, 2*v - v = -u + 94. Let m = 149 - v. Calculate the remainder when m is divided by 15.
12
Let h(c) = c**3 + c**2 + c + 26. Suppose -2*l + 16 = 2. Calculate the remainder when h(0) is divided by l.
5
Let s = -6 - -10. Let t(p) = 3*p - 2*p - 3 + 0. What is the remainder when 2 is divided by t(s)?
0
Suppose 5*m - 13 = 2*m - s, -2*m + 26 = 5*s. Let f(w) = -4 + 8*w + m + 0. What is the remainder when f(1) is divided by 4?
3
Let w(o) = -56*o + 350. Let p = -5 + 9. Let s(m) = 13*m + 3. Calculate the remainder when s(p) is divided by w(6).
13
Let z(c) = 3*c - 7. Let f be z(7). Suppose -t = -0*t - f. Calculate the remainder when 54 is divided by t.
12
Let c(m) = m**2 + 4*m + 3. Suppose 5*d - 22 = -3*r - 3, 2*d - 13 = -3*r. What is the remainder when r is divided by c(-4)?
0
Let q(w) = -w**3 - 5*w**2 - 4*w + 3. Let o be q(-4). Suppose j - 5 = -4*h - 1, 5*j + 30 = 5*h. What is the remainder when (0 + o)*(0 + 1) is divided by h?
1
Suppose 18 = 4*r - r. Suppose 6*z - 4*z = r. What is the remainder when 8 is divided by z?
2
Suppose 0*w = w + s - 9, w - 21 = -4*s. Suppose -w*f = -114 - 161. What is the remainder when f is divided by 19?
17
Let u(i) = i**2 + 1. Let m be u(-1). Let p = 15 - 12. Suppose p + 1 = m*n. What is the remainder when n is divided by 1?
0
Suppose 0*t - t - 3*i = -1, 5*i = 2*t + 31. Let u = t - -6. What is the remainder when 18 is divided by u/(-4) - 38/(-4)?
8
Let n(b) = 26*b**2 + 1. Let x = 1 + 0. Calculate the remainder when n(x) is divided by 16 - (2 - 0/1).
13
Let q = -39 - -62. What is the remainder when q is divided by 12?
11
Let o = 11 - 7. Suppose -5*g + 59 = -441. Calculate the remainder when (g/(-15))/(4/(-6)) is divided by o.
2
Let y be 7/(-4*(-3)/12). Let l(j) = -j**3 + 8*j**2 - 3*j + 7. What is the remainder when l(y) is divided by 9?
8
Let f(a) = a**2 - 4*a. Suppose -7 = -4*i + 85. Calculate the remainder when i is divided by f(6).
11
Suppose 2*o - 115 = -3*o. What is the remainder when 43 is divided by o?
20
Suppose -3*a - 58 = -2*g - 6*a, 4*a = -3*g + 86. Calculate the remainder when 127 is divided by g.
23
Let w = -33 + 45. Let i(r) be the second derivative of r**4/12 + r**3/6 - 7*r**2/2 - r. What is the remainder when i(-6) is divided by w?
11
Let i(d) = 3*d + 6. Let q = -5 - -3. Let a be 6*q/(2*-1). What is the remainder when i(a) is divided by 13?
11
Let z(o) = -16*o - 2. Let h be z(-5). Suppose h = 4*u - 14. Suppose 2*d + 3*s - u = 0, -4*s + 26 = 5*d - 49. Calculate the remainder when d is divided by 7.
5
Suppose 0*q = 3*q - 2*y - 32, 15 = q - 5*y. Calculate the remainder when 49 is divided by q.
9
Suppose 226 = 3*w + 5*m, 2*m = 2*w - m - 157. What is the remainder when w is divided by 16?
13
Suppose 4*t = 4 + 8. Suppose -5*o + 82 = -2*o - 4*p, -5*p = t*o - 100. Calculate the remainder when o is divided by 16.
14
Suppose 52 = 5*z - z. Calculate the remainder when 50 is divided by z.
11
Suppose 0 = p - 5*p - 220. Let g = -20 - p. What is the remainder when g is divided by 12?
11
What is the remainder when 53 is divided by -1*(1 - 3) + 25?
26
Let d(w) = -w**3 - 27*w**2 - 25*w + 42. Let l = -38 + 99. What is the remainder when l is divided by d(-26)?
13
Let q(m) = m + 13. Let g be q(-9). Suppose -g*j + 364 = -0*j. What is the remainder when j is divided by 23?
22
Suppose k - 60 - 11 = 0. Calculate the remainder when k is divided by 24.
23
Let m = -32 - -34. Calculate the remainder when 5 is divided by m.
1
Suppose -4*t + 3 + 5 = 0. Let z(y) = -t + 1 + 4*y + 4. Calculate the remainder when z(10) is divided by 15.
13
Let m = 14 + 17. Calculate the remainder when m is divided by 12.
7
Let z = -2 - -4. Let g(b) = b**2 - 1. Let w be g(z). Suppose 2*x = 3*l - 27, -4*x = -7*l + w*l + 32. What is the remainder when l is divided by 6?
5
Suppose -o + 7 = -2*r, 4*o + 2*r = -0*o + 18. Suppose -152*s + 151*s = -23. Calculate the remainder when s is divided by o.
3
Let q be (-158)/(-8) + 2/8. Suppose -3*v = -5*v + q. Calculate the remainder when 28 is divided by v.
8
Suppose 0 = 2*i + i - 36. Let k(y) be the first derivative of 2*y**3/3 - 4*y**2 - y - 3. Calculate the remainder when k(6) is divided by i.
11
Let w(m) = -2*m - 6. Let j be w(-4). Suppose -d + j*c + 10 = 0, 2*d - c + 5 - 31 = 0. Let q = 3 + 2. Calculate the remainder when d is divided by q.
4
Calculate the remainder when (12/(-3))/(-4)*41 is divided by 11.
8
Let i(s) = -3*s. Calculate the remainder when 8 is divided by i(-1).
2
Let c = 13 + 1. Let a = c + -11. What is the remainder when 8 is divided by a?
2
Let v be 1 - -1 - (2 + 0). What is the remainder when 17 is divided by (v - 2/(-4))*18?
8
Let s(p) = -p. What is the remainder when 62 is divided by s(-13)?
10
Suppose 0 = -4*j - 2*k + 308, 2*k + 47 + 170 = 3*j. Suppose 0 = 5*c - j - 5. Calculate the remainder when c is divided by 9.
7
Suppose 85 = 2*i + 3. What is the remainder when 141 is divided by i?
18
What is the remainder when 38 is divided by (-4)/14 + 1712/112?
8
Suppose -4*t = -30 - 62. Suppose 5*d + 3*o - 63 = 0, 2*o + 43 = 4*d - 3*o. Calculate the remainder when t is divided by d.
11
What is the remainder when 1 is divided by (3 - 12/3)/(-1)?
0
Let d(n) = -2 - 1 - 3 - 9*n - n**2 + 0. Calculate the remainder when d(-4) is divided by 4.
2
Let w = -7 + 24. Calculate the remainder when w is divided by 2/(-6) + (-190)/(-30).
5
Let l(q) = q**2 - 4*q - 7. Let z be l(5). Let o be -2*6/8*2. What is the remainder when 23 is divided by 1/(o/12)*z?
7
Suppose 4*j + 198 = 5*b, 4*b + 5*j = 3*j + 148. Calculate the remainder when b is divided by (-25)/(-2) - (-1)/2.
12
Let j be 8/(-3) + 3/(-9). Let y = j - -19. Let x = -26 - -87. What is the remainder when x is divided by y?
13
Let b be 0/(0 + 3 + -4). Suppose b*g = 4*g - 280. Suppose -g - 6 = -4*m. What is the remainder when m is divided by 11?
8
Suppose 0 = 3*y - 2*x - 37, 4*y - 38 = 2*x + 8. What is the remainder when 26 is divided by y?
8
Let t(a) = a**2 + 9*a - 4. Calculate the remainder when 71 is divided by t(-11).
17
Let s be ((-77)/(-14))/(2/(-4)). Let i(x) be the first derivative of -x**2/2 + 3*x - 2. Calculate the remainder when i(s) is divided by 5.
4
Let y(b) = -14*b + 17. What is the remainder when y(-3) is divided by 20?
19
Suppose 6 = 3*s, -2*a = -0*a - s - 12. What is the remainder when (38/(-114))/(-1 - 118/(-120)) is divided by a?
6
Let o(y) = -y**3 + 5*y**2 - 5*y + 2. Let n be o(3). Suppose 3*s = n*q - 184, q = 3*q - s - 73. Calculate the remainder when q is divided by 12.
11
What is the remainder when 135 is divided by 22/22 + 16*1?
16
Let h = 174 + -141. What is the remainder when 164 is divided by h?
32
Let h(j) = -j**3 + 8*j**2 - 8*j - 6. Let y(s) = s**2 + 7*s - 34. What is the remainder when h(6) is divided by y(-11)?
8
Suppose 